
What is the units digit of 287894596?
6
What is the hundred thousands digit of 18576478?
5
What is the billions digit of 1257455121?
1
What is the hundred thousands digit of 293792828?
7
What is the ten thousands digit of 8590814?
9
What is the hundred thousands digit of 171492717?
4
What is the millions digit of 3778082?
3
What is the thousands digit of 24636648?
6
What is the thousands digit of 93004191?
4
What is the units digit of 20426383?
3
What is the thousands digit of 567973071?
3
What is the hundreds digit of 78243282?
2
What is the ten thousands digit of 110409637?
0
What is the hundreds digit of 157640725?
7
What is the ten millions digit of 886441958?
8
What is the hundreds digit of 5156648624?
6
What is the thousands digit of 96234109?
4
What is the hundreds digit of 192217369?
3
What is the units digit of 409189806?
6
What is the units digit of 171383259?
9
What is the hundreds digit of 740974838?
8
What is the thousands digit of 3571096548?
6
What is the ten thousands digit of 734066341?
6
What is the ten millions digit of 106106791?
0
What is the tens digit of 69665797?
9
What is the millions digit of 54663085?
4
What is the hundred thousands digit of 32491191?
4
What is the ten millions digit of 30392059?
3
What is the hundreds digit of 1194543566?
5
What is the tens digit of 921149609?
0
What is the units digit of 19354324?
4
What is the hundred millions digit of 3466965997?
4
What is the millions digit of 77742360?
7
What is the ten millions digit of 12499238?
1
What is the hundred thousands digit of 289925175?
9
What is the hundred millions digit of 5236238666?
2
What is the ten thousands digit of 2154140149?
4
What is the hundred millions digit of 590035546?
5
What is the thousands digit of 95586109?
6
What is the millions digit of 118838919?
8
What is the hundred thousands digit of 752495889?
4
What is the hundred millions digit of 4284665950?
2
What is the units digit of 2108543761?
1
What is the millions digit of 625228963?
5
What is the hundreds digit of 2774441424?
4
What is the hundred millions digit of 706766694?
7
What is the tens digit of 156745226?
2
What is the hundred thousands digit of 298989761?
9
What is the ten millions digit of 2933772109?
3
What is the ten millions digit of 387734714?
8
What is the ten millions digit of 250888920?
5
What is the tens digit of 190361344?
4
What is the millions digit of 73878389?
3
What is the hundreds digit of 1645012523?
5
What is the hundreds digit of 420639485?
4
What is the hundreds digit of 1177208477?
4
What is the units digit of 51598627?
7
What is the hundred thousands digit of 2629418075?
4
What is the thousands digit of 96540056?
0
What is the hundreds digit of 74032142?
1
What is the hundreds digit of 39526219?
2
What is the hundred thousands digit of 522954159?
9
What is the hundred thousands digit of 42948850?
9
What is the ten thousands digit of 128929259?
2
What is the units digit of 4157163?
3
What is the millions digit of 125498548?
5
What is the ten millions digit of 165559511?
6
What is the units digit of 47770474?
4
What is the thousands digit of 180945683?
5
What is the units digit of 23029612?
2
What is the units digit of 432969354?
4
What is the hundreds digit of 657641900?
9
What is the hundred millions digit of 7134268028?
1
What is the tens digit of 26786888?
8
What is the millions digit of 134870209?
4
What is the ten thousands digit of 56737668?
3
What is the tens digit of 1832989073?
7
What is the thousands digit of 3864317406?
7
What is the units digit of 1381230089?
9
What is the hundred thousands digit of 4489169?
4
What is the hundreds digit of 2260404963?
9
What is the hundreds digit of 1946865111?
1
What is the thousands digit of 17952400?
2
What is the tens digit of 59068869?
6
What is the tens digit of 209165891?
9
What is the units digit of 49472562?
2
What is the hundred millions digit of 2726745880?
7
What is the millions digit of 88105962?
8
What is the thousands digit of 10065992?
5
What is the ten millions digit of 6426334179?
2
What is the ten millions digit of 719605691?
1
What is the units digit of 111201224?
4
What is the hundreds digit of 1180970831?
8
What is the hundred millions digit of 928384734?
9
What is the ten thousands digit of 600430741?
3
What is the millions digit of 91861381?
1
What is the ten thousands digit of 37136723?
3
What is the hundreds digit of 52471869?
8
What is the units digit of 52820317?
7
What is the hundred thousands digit of 27799561?
7
What is the millions digit of 51224630?
1
What is the billions digit of 3022938630?
3
What is the hundreds digit of 46575129?
1
What is the hundred thousands digit of 234265963?
2
What is the millions digit of 21126161?
1
What is the ten millions digit of 38445902?
3
What is the units digit of 191927202?
2
What is the tens digit of 411848872?
7
What is the ten millions digit of 63871639?
6
What is the tens digit of 143511106?
0
What is the ten thousands digit of 51037839?
3
What is the units digit of 48309153?
3
What is the hundred millions digit of 169111226?
1
What is the hundred millions digit of 3628975890?
6
What is the thousands digit of 6761379?
1
What is the thousands digit of 6450316?
0
What is the tens digit of 597191199?
9
What is the thousands digit of 42616292?
6
What is the ten millions digit of 585242832?
8
What is the millions digit of 24331796?
4
What is the ten millions digit of 53118749?
5
What is the ten millions digit of 7254662476?
5
What is the ten millions digit of 6783028229?
8
What is the thousands digit of 14033821?
3
What is the ten thousands digit of 52504134?
0
What is the ten thousands digit of 79405487?
0
What is the millions digit of 1147300541?
7
What is the units digit of 688620738?
8
What is the millions digit of 46228916?
6
What is the hundreds digit of 3365524157?
1
What is the millions digit of 1920637?
1
What is the hundred thousands digit of 5156809123?
8
What is the hundred thousands digit of 60547496?
5
What is the units digit of 4812370639?
9
What is the thousands digit of 1608404998?
4
What is the tens digit of 1785501545?
4
What is the hundred thousands digit of 94936935?
9
What is the ten millions digit of 352189742?
5
What is the thousands digit of 1660870013?
0
What is the tens digit of 217708265?
6
What is the hundred thousands digit of 546035825?
0
What is the ten thousands digit of 2488943382?
4
What is the millions digit of 49662329?
9
What is the units digit of 1162701240?
0
What is the hundreds digit of 30417297?
2
What is the units digit of 200592805?
5
What is the units digit of 934183945?
5
What is the hundred thousands digit of 143837738?
8
What is the ten thousands digit of 20243864?
4
What is the millions digit of 24858247?
4
What is the hundreds digit of 45551739?
7
What is the hundreds digit of 58734961?
9
What is the ten thousands digit of 133627866?
2
What is the tens digit of 1055132794?
9
What is the hundred thousands digit of 3579982663?
9
What is the units digit of 78159844?
4
What is the hundred millions digit of 277068537?
2
What is the hundreds digit of 31317033?
0
What is the millions digit of 1428340?
1
What is the units digit of 46477086?
6
What is the hundreds digit of 674447645?
6
What is the ten thousands digit of 1243874484?
7
What is the hundreds digit of 895141588?
5
What is the units digit of 1389198348?
8
What is the hundred millions digit of 686679891?
6
What is the tens digit of 87052084?
8
What is the ten millions digit of 20822043?
2
What is the hundred thousands digit of 255379576?
3
What is the tens digit of 1199189007?
0
What is the ten millions digit of 92656560?
9
What is the thousands digit of 1437507630?
7
What is the billions digit of 2039519089?
2
What is the thousands digit of 139342980?
2
What is the tens digit of 5851826957?
5
What is the millions digit of 246355772?
6
What is the hundred millions digit of 374752555?
3
What is the tens digit of 5823448?
4
What is the thousands digit of 169182214?
2
What is the ten thousands digit of 33627605?
2
What is the tens digit of 76442782?
8
What is the ten thousands digit of 216642345?
4
What is the ten thousands digit of 37678978?
7
What is the hundred thousands digit of 4137831945?
8
What is the millions digit of 2751